 of -1942 + 1844 - (42 + -9 + 2)?
-133
What is the value of (-6 - (-9 + 0 + 10 + -42)) + 14?
49
(-92 - (-93 + -59)) + 5 + 0
65
Calculate -13 - (-64 - (-8 - 17)).
26
Evaluate (-92 - (-22 - (-16 + 2))) + 1.
-83
Evaluate -60 + (-2 - (-18 + -31)).
-13
(1689 - 1727 - (-16 - 0 - 0)) + 8
-14
What is the value of (-14 + -4 - (-36 - -22)) + (-113 - (-1 + 3))?
-119
What is the value of (33 + -126 - (4 - 29)) + -28?
-96
What is 7 + -27 - -30 - (4 + (-1 + -2 - -7))?
2
What is (-1 - (-26 - 6) - (-11 - 1)) + -9 + 18?
52
What is the value of 1 + 48 - (-15 - -52 - 39)?
51
(37 - (42 - -1)) + 1 + (-1 - -1) + 33
28
What is the value of 5 + 1 - 11 - -2 - ((-7 - -21) + 28)?
-45
What is the value of 2 + -61 + (-25 - (-44 + 24)) + 13?
-51
64 + -55 + -2 + 3 + -68 + (-10 - -6)
-62
772 + -718 - (6 + -1 + -13 + 12)
50
What is the value of (-1073 - -1052) + 12 + 0 + (0 - 1)?
-10
Calculate -35 + (-9 - (-164 - -22)) + (-10 - 0) + 3.
91
What is (0 - -39) + (2095 - 2095)?
39
Calculate 0 - (-1 + 4 - 1) - (-126 - -128).
-4
15 + 1 + (17007 - 16949)
74
What is the value of 8 - (0 + -14 + 186 + -164 - -30)?
-30
Evaluate 1 + 4 + 30 + (71 - -14) + -3.
117
Calculate 43 + (-55 + -6 + 29 - 10).
1
Evaluate -24 - (12 - 34) - (-2 - -6).
-6
What is the value of 16 - ((-32 - -22 - (-8 + 5)) + -6)?
29
What is 43 - (-24 + 77 + 33)?
-43
Evaluate -2 + 14 + (6 - 43) - (23 - 18).
-30
What is ((-1 - 1) + (9 - 11) - (10 - 1)) + 3?
-10
Evaluate (-3 - (-9 + 38)) + (-132 - -122).
-42
What is the value of 13 - (0 + 28) - (-7 - -26)?
-34
Calculate -16 + (34 - (-17 - 41)) + 27.
103
8 + (-8 - 22) - (-7 + (-16 - -44))
-43
Evaluate 36 + 1 + (-8 - 1) + 0.
28
Calculate -64 + 36 + 27 - (-2 - 1 - -5 - 18).
15
90 + (3 - 1) + (55 - 68) - 12
67
Evaluate (-16 - -2 - (-39 - -34) - 2) + 30.
19
What is the value of (-12 - -2 - 4) + -39 + 7 - (3 + -1)?
-48
(-9 - 3 - (2 - 4)) + -247 + 248
-9
What is -40 + (-40 - (-84 - -4))?
0
What is the value of (-14 - (-96 + 86)) + -45?
-49
Calculate 2229 + -2202 - (0 - (3 + 16)).
46
Calculate (-8 + -6 + 17 - 8) + -86 + (8 - 18).
-101
What is the value of -4 + 0 + (25 - 18) + -45?
-42
Calculate -3 + -32 - (705 + -713).
-27
Calculate -25 - (1 + -26 - (-48 + 44)).
-4
Evaluate 9 - (-32 - (49 + -36)).
54
Evaluate 57 + 1 - (-133 - (-240 + 91)).
42
Calculate 2 + 13 + -5 - (-61 - (19 - 11)) - 0.
79
What is the value of 33 + 11 - 22 - (-33 + 19)?
36
What is the value of 16 - (-13 + (6 - 10) - 18)?
51
Calculate -17 - (17 - (13 - -15)).
-6
12 - (2 + (0 + -12 - -3) + 14)
5
What is the value of -9 - ((321 - 328) + (-10 - 2) + -1)?
11
Calculate 52 + -61 + (264 - 263) + (-1 + 1 - 4).
-12
What is the value of 0 + 38 + (-41 - (-45 + 26 + -19))?
35
Evaluate -5 - (-25 + -1) - (-1170 - -1118).
73
What is -5 - (-30 + -3 - -6) - (-60 - 36)?
118
Calculate -16 + (-27 - -2) + -3.
-44
Calculate -61 + (-11 - -5 - -18 - (28 - 6 - 19)).
-52
What is the value of (1 - 11) + -1 - (-95 + -78 + 130 - -122)?
-90
Calculate 39 - 33 - (-6 - (-46 - (0 - -4 - 5))).
-33
What is the value of -8 - (27 + -4 - (-23 - (5 + -28)))?
-31
Calculate 71 + (-17 + -38 + 66 - 14).
68
Calculate -14 - 5 - (-257 + 274).
-36
0 + 28 + (127 - 134) + 23
44
Calculate -2 + (15 - (-21 + 26)) + -18 + 1 + 96.
87
(13 - (94 + -78) - (-1 + -9)) + 1 + -34
-26
(-1 - 2) + (-27 - -1) + 27 + (8 - 54)
-48
What is -12 + (-2 - -44) + 0 + (-9 - (0 + -3))?
24
Evaluate (11 - (-10 - 13 - -30)) + -20.
-16
861 + -850 - (1 - -3) - (0 + 1)
6
What is the value of (13 - (-10 - -24)) + 41 + 13 + 3?
56
(-85 - (-18 + -12 + 32 + -14)) + -9 + 3
-79
What is the value of (-107 - 8) + (7 - (-24 - 0))?
-84
-1 - -1 - (-74 - (-82 + 48))
40
What is 29 + -2 + (145 - 159 - (-1 - 11)) + 10?
35
Calculate (5 - (6 - 1) - -74 - -13) + -7 + -1.
79
Calculate (-76 - -155) + -155 + 7.
-69
What is the value of 5 + (1 - 8) - -57 - (7 - 0 - -1)?
47
What is the value of 45 - (82 + 10) - -50 - ((10 - 0) + -1)?
-6
Calculate (23 + -31 - ((-1 - -9) + -9)) + -44.
-51
What is (-34 - -38) + (-3 + -54 + -1 - (8 - 1))?
-61
What is the value of (-49 - 4) + 18 - 26?
-61
Evaluate -15 + 16 + -6 - (-1 + 2 + (7 - 1)).
-12
Evaluate -5 + -6 + 43 + (-13 - (2 + 4 + -7)).
20
Evaluate (-68 - 14) + -12 - ((-7 - 22) + 26).
-91
What is the value of 43 - ((27 - (5 - 35)) + -28)?
14
Evaluate -3 + (4 - 17 - (1 + -18)) + 1 + -8.
-6
Calculate -86 - (-13 + (8 + (-7 - -8) - -12)).
-94
Calculate -13 + 43 + -32 + ((40 - -3) + 4 - 4).
41
What is the value of -20 - 2 - (136 - 156) - ((-17 - 0) + -1)?
16
Evaluate -30 + -8 - (16 - (23 + 7)).
-24
Calculate -1 - 28 - (-30 + 96 + -43).
-52
-4 + 143 + -5 + 7 - (5 + (13 - 18))
141
What is the value of (-187 - (-189 + -29)) + 1 + -15 + 0?
17
(688 - 707) + (-21 - -3)
-37
Evaluate (-721 - -575) + (56 - 16).
-106
Calculate 79 + 139 + -187 - (2 - 3).
32
Evaluate -5 + 8 - ((-12 - (44 + -2 + -9)) + 13).
35
What is -43 + (0 + 2 - 15) - (0 - -5)?
-61
Evaluate -115 + (174 - 100) + -12.
-53
What is the value of (-2 + -17 + 2 - (-4450 + 4454)) + 94?
73
1900 - 1972 - (-2 + -7)
-63
What is -8 - (20 - ((15 - -5) + -44))?
-52
(87 - 24) + -24 + -12
27
Evaluate -2 + (-8 - (-12 - -8)) - (22 - (5 - -9)).
-14
-15 + -13 + 36 - (37 + 10 + -21)
-18
What is 10 + -38 - -40 - -2?
14
What is the value of -5 - (-174 + 87 - (-1 + 7)) - 16?
72
41 + -34 - 125 - (-3 + 22 - 3)
-134
Evaluate (-13 - (9 - ((6 - 4) + 9))) + 13.
2
Evaluate 10 - -11 - (16 - (10 + -23 + 100)).
92
What is (1 - 0 - 1 - (398 - 391)) + 17?
10
3852 + -3880 + (-2 - -2 - 12)
-40
Evaluate (-32 - -69 - 31) + 28 + 2 + 1.
37
Calculate 4 + (-11 - 2) + 22 + -47.
-34
-34 - (2 + (1 + -12 + 13 - -2))
-40
Calculate (-6 - (1 + -11)) + -43 + 32 + -27 + 4.
-30
What is the value of 7 - -2 - (-28 - (111 + -148))?
0
Evaluate (-2 - -6) + -58 + (-8 - -29).
-33
What is (-25 + -1 - -13) + (-5 - -101) + -3?
80
What is the value of (-1 - -7) + -15 + (-15 - -71) + -3?
44
Evaluate -30 + 21 + 6 + 15 + 33 + 1.
46
Calculate 5 + (-24 - (17 - 25) - -41).
30
Evaluate -74 + 80 + -29 + 1 + (7 - -3).
-12
What is (-6 + -8 - -12) + (-17 - -14) - -12?
7
Evaluate 3 - -51 - (12 + (-12 - -10) + -2).
46
What is the value of 10 + 1 + -4 + -2 + (-410 - -378)?
-27
Calculate (6 - 17 - 1) + -42 + 44.
-10
44 + -33 + -26 - (7 - -64)
-86
-2 + -4 + 53 + 49 + (-40 - 8)
48
-9 + (5 - 3) - -15 - -5
13
Calculate -1 + 16 + 318 + -416 + 18.
-65
What is the value of -82 - (12 + -125) - (24 - -2)?
5
What is -6 - 42 - (-126 - -100)?
-22
Evaluate (1 - 5) + (26 - (7 + 5 + -2 - 7)).
19
(38 + -30 - (-7 + 2) - 19) + -29
-35
Calculate -6 + -61 + 66 + 9 + -1.
7
Calculate (2 - -2 - -14) + (-15 - (-20 - -8)).
15
Evaluate -8 + -28 + 4 + (2 + -20 - (3 + -13)).
-40
Evaluate (-3 - -71) + -7 + -16 + 7 + 7 + -3.
56
What is the value of -2098 - -2093 - (-6 + 3 - (46 + 0))?
44
(-28 - -18 - -37) + -23 + -37 + -2
-35
What is the value of -75 + 52 + 62 - 24?
15
What is (-6 + 3 - -5) + 47 - (72 + -68)?
45
Calculate -56 - (84 - 79) - 12.
-73
(-32 - (-21 - -1 - 0)) + 21 + -1
8
Calculate (51 + -8 - (1 + -11)) + -3 + -2.
48
Calculate (88 + 0 - 103) + (3 - (3 - 1)) + 1.
-13
-26 - -1 - (2029 + -1989)
-65
Calculate -83 - 1 - (21 - (28 - (0 - (15 + -22)))).
-84
Evaluate 1103 + -1085 - (0 + -1 - -114) - 10.
-105
Calculate -276 + 256 - -36 - (-112 + (-1 - -1)).
128
What is the value of -42 - (-76 - (28 - 34))?
28
Calculate (8271 - 8257) + (-1 - -36) + -1 + (-20 - -18).
46
What is the value of 54 + (-18 - (-31 + 46)) + 8?
29
Evaluate -27 + (-55 - (-14 + -67)).
-1
Evaluate -66 + (135 - 102) + -3.
-36
-52 - (40 - (-36 - -87) - (-6 - -1))
-46
Evaluate (13 - -22) + -39 - (56 + -187).
127
What is the value of (-16 - 9) + (7 - (14 - (7 + -7)))?
-32
-1 + -2 + 60 + 8 + -69
-4
-28 + (9 - -24 - 16) + -17
-28
-55 - (-4 - (20 - -37))
6
Evaluate (-1198 - -1136) + 46 + -1 + 153.
136
What is 73 - (-11 - (1 + (5 - -5) + -7 + -4))?
84
Evaluate -34 + 35 + -58 + (-8 - -17) + 3.
-45
Calculate (2 - 72 - -2) + (-147 - (-270 - -129)).
-74
What is 4602 + -4601 - (-1 + (-74 - (-2 + 3))) - 11?
66
What is the value of (2 + 10 + -31 - -17) + 13?
11
Evaluate (-26 + 24 + -12 - (-41 + 103)) + 0 + 13.
-63
-12 + 15 + (52 - 44)
11
(1 + (15 - 2) - 7) + (6 - (-7 - -4))
16
What is -83 - -43 - (-22 + 19)?
-37
-1 + (-164 - -162 - (0 - -9)) - -23
11
Evaluate 0 + -10 + 1 + 12 + -12 + 807 + -802.
-4
Evaluate 13 + (16 - (29 + -13) - 6).
7
Evaluate 1200 - 1219 - (-1 + 4 + 12 +